283
List the prime factors of 7733877.
3, 67, 109, 353
What are the prime factors of 619001?
19, 32579
What are the prime factors of 664751?
17, 39103
What are the prime factors of 1582198?
2, 791099
List the prime factors of 799233.
3, 266411
List the prime factors of 561580.
2, 5, 43, 653
What are the prime factors of 116116?
2, 7, 11, 13, 29
What are the prime factors of 2289423?
3, 763141
List the prime factors of 7424620.
2, 5, 7, 181, 293
List the prime factors of 304110.
2, 3, 5, 31, 109
List the prime factors of 658911.
3, 11, 41, 487
What are the prime factors of 3280621?
3280621
List the prime factors of 271183.
11, 89, 277
What are the prime factors of 2743009?
131, 20939
List the prime factors of 761853.
3, 253951
List the prime factors of 712701.
3, 11, 23, 313
What are the prime factors of 5657021?
5657021
List the prime factors of 421483.
421483
What are the prime factors of 14591798?
2, 13, 23, 1877
What are the prime factors of 309284?
2, 167, 463
What are the prime factors of 4932577?
13, 59, 109
What are the prime factors of 747034?
2, 373517
List the prime factors of 666233.
666233
List the prime factors of 81391.
199, 409
List the prime factors of 145632.
2, 3, 37, 41
What are the prime factors of 10621923?
3, 13, 17, 37, 433
List the prime factors of 707788.
2, 19, 67, 139
List the prime factors of 490211.
331, 1481
What are the prime factors of 461543?
103, 4481
What are the prime factors of 21275441?
11, 1934131
What are the prime factors of 18853901?
11, 17, 100823
What are the prime factors of 326252?
2, 81563
List the prime factors of 215103.
3, 7, 10243
List the prime factors of 21640227.
3, 7, 37, 27851
What are the prime factors of 147077?
7, 21011
List the prime factors of 9456290.
2, 5, 945629
List the prime factors of 638988.
2, 3, 7, 7607
List the prime factors of 870621.
3, 17, 43, 397
What are the prime factors of 34602?
2, 3, 73, 79
What are the prime factors of 856764?
2, 3, 7933
List the prime factors of 675382.
2, 337691
List the prime factors of 144451.
144451
What are the prime factors of 14443771?
14443771
What are the prime factors of 5707931?
67, 85193
List the prime factors of 372707.
372707
List the prime factors of 14180826.
2, 3, 11, 29, 31, 239
What are the prime factors of 871556?
2, 7, 17, 1831
What are the prime factors of 7105853?
7105853
List the prime factors of 163395.
3, 5, 3631
What are the prime factors of 793754?
2, 13, 30529
What are the prime factors of 186759?
3, 6917
What are the prime factors of 308207?
89, 3463
List the prime factors of 247448.
2, 30931
What are the prime factors of 2140402?
2, 11, 17, 59, 97
What are the prime factors of 3297137?
67, 49211
List the prime factors of 1795308.
2, 3, 41, 89
List the prime factors of 130068.
2, 3, 3613
What are the prime factors of 595676?
2, 137, 1087
What are the prime factors of 257553?
3, 9539
What are the prime factors of 68618?
2, 11, 3119
List the prime factors of 832623.
3, 11, 23, 1097
What are the prime factors of 159110?
2, 5, 7, 2273
What are the prime factors of 3678617?
3678617
What are the prime factors of 2732921?
2732921
What are the prime factors of 307917?
3, 34213
What are the prime factors of 1910731?
479, 3989
What are the prime factors of 1965860?
2, 5, 13, 7561
List the prime factors of 164357.
164357
List the prime factors of 6005860.
2, 5, 7, 42899
What are the prime factors of 299144?
2, 61, 613
What are the prime factors of 4141262?
2, 37, 191, 293
What are the prime factors of 551210?
2, 5, 11, 5011
List the prime factors of 461992.
2, 17, 43, 79
List the prime factors of 25615.
5, 47, 109
List the prime factors of 442170.
2, 3, 5, 17
What are the prime factors of 820785?
3, 5, 7, 7817
List the prime factors of 13185735.
3, 5, 43, 20443
What are the prime factors of 31559?
11, 19, 151
What are the prime factors of 5853431?
23, 157, 1621
What are the prime factors of 3019803?
3, 19, 31, 1709
List the prime factors of 179617.
53, 3389
List the prime factors of 3678410.
2, 5, 367841
What are the prime factors of 431369?
431369
List the prime factors of 405597.
3, 353, 383
List the prime factors of 16239437.
17, 955261
What are the prime factors of 198900?
2, 3, 5, 13, 17
List the prime factors of 583094.
2, 291547
What are the prime factors of 277202?
2, 17, 31, 263
What are the prime factors of 426105?
3, 5, 17, 557
What are the prime factors of 3870305?
5, 17, 45533
List the prime factors of 10649513.
7, 217337
List the prime factors of 6851.
13, 17, 31
What are the prime factors of 521220?
2, 3, 5, 7, 17, 73
List the prime factors of 324381.
3, 108127
What are the prime factors of 2728572?
2, 3, 7, 11, 2953
What are the prime factors of 14609395?
5, 2921879
What are the prime factors of 405120?
2, 3, 5, 211
List the prime factors of 1780757.
11, 14717
What are the prime factors of 5039443?
1487, 3389
List the prime factors of 260380.
2, 5, 47, 277
What are the prime factors of 466373?
466373
What are the prime factors of 269852?
2, 11, 6133
List the prime factors of 90350.
2, 5, 13, 139
What are the prime factors of 10287111?
3, 157, 21841
List the prime factors of 13284765.
3, 5, 13, 22709
List the prime factors of 768169.
768169
List the prime factors of 379838.
2, 179, 1061
List the prime factors of 1362000.
2, 3, 5, 227
List the prime factors of 16454067.
3, 7, 783527
List the prime factors of 895781.
17, 23, 29, 79
List the prime factors of 375355.
5, 41, 1831
List the prime factors of 9935809.
13, 764293
What are the prime factors of 213979?
17, 41, 307
List the prime factors of 373250.
2, 5, 1493
List the prime factors of 7814904.
2, 3, 59, 5519
List the prime factors of 9864462.
2, 3, 331, 4967
What are the prime factors of 10753837?
409, 26293
What are the prime factors of 1361657?
11, 123787
What are the prime factors of 1674915?
3, 5, 11, 10151
What are the prime factors of 421600?
2, 5, 17, 31
List the prime factors of 18494.
2, 7, 1321
What are the prime factors of 12049791?
3, 13, 79, 3911
What are the prime factors of 452349?
3, 50261
List the prime factors of 203877.
3, 839
List the prime factors of 748666.
2, 374333
What are the prime factors of 195882?
2, 3, 32647
List the prime factors of 3646.
2, 1823
List the prime factors of 39738958.
2, 7, 311, 9127
List the prime factors of 2428177.
1511, 1607
What are the prime factors of 176275?
5, 11, 641
List the prime factors of 5577422.
2, 101, 27611
What are the prime factors of 12912592?
2, 7, 11, 47, 223
What are the prime factors of 8020567?
8020567
What are the prime factors of 5794?
2, 2897
What are the prime factors of 13808939?
113, 122203
What are the prime factors of 19147254?
2, 3, 7, 643, 709
List the prime factors of 122116.
2, 30529
List the prime factors of 251268.
2, 3, 20939
List the prime factors of 1188821.
43, 27647
What are the prime factors of 811083?
3, 7, 13, 2971
List the prime factors of 10832245.
5, 2166449
What are the prime factors of 5630704?
2, 351919
What are the prime factors of 1023714?
2, 3, 56873
List the prime factors of 104947.
104947
What are the prime factors of 27943890?
2, 3, 5, 13, 137, 523
What are the prime factors of 2409662?
2, 37, 32563
What are the prime factors of 110497?
47, 2351
List the prime factors of 1096122.
2, 3, 182687
List the prime factors of 232787.
131, 1777
What are the prime factors of 129805?
5, 13, 1997
List the prime factors of 561013.
19, 29527
What are the prime factors of 854103?
3, 284701
List the prime factors of 208496.
2, 83, 157
What are the prime factors of 334974?
2, 3, 55829
List the prime factors of 1587025.
5, 11, 29, 199
List the prime factors of 185870.
2, 5, 18587
List the prime factors of 3649660.
2, 5, 7, 131, 199
What are the prime factors of 2219318?
2, 71, 15629
List the prime factors of 21150236.
2, 37, 142907
What are the prime factors of 248285?
5, 17, 23, 127
List the prime factors of 17945447.
13, 1380419
List the prime factors of 299910.
2, 3, 5, 13, 769
List the prime factors of 1705285.
5, 341057
What are the prime factors of 8320311?
3, 53, 17443
List the prime factors of 150180.
2, 3, 5, 2503
What are the prime factors of 192361?
13, 14797
List the prime factors of 2259879.
3, 19, 41, 967
What are the prime factors of 6393909?
3, 41, 227,